(-36)) is divided by 10?
8
What is the remainder when 169 is divided by (-18)/(-90) + 636/20?
9
Let k(l) = 5*l**2 + 2*l + 6. Let r be k(3). Suppose 18 = 3*a - r. What is the remainder when a is divided by 13?
12
Let n = -54 + 123. What is the remainder when n is divided by (-10)/((-59)/18 + 3)?
33
Let f be (1 - 2)/((-4)/4). Let z be f*-3 - (3 - 8). Suppose 2*u + z*c - 1 - 3 = 0, -4 = -3*u - 4*c. What is the remainder when 10 is divided by u?
2
Let d(n) = 3*n**2 + 0*n - 3*n - 4 - 9. Let o(t) = 8*t**2 - 10*t - 38. Let g(v) = 11*d(v) - 4*o(v). Calculate the remainder when g(-8) is divided by 6.
5
Let g be (1 - 1)*7/14. Let t = g + 110. Suppose -q + 6 = -22. What is the remainder when t is divided by q?
26
Let a(t) be the third derivative of 61*t**5/60 + t**4/8 - t**3/6 + 40*t**2. What is the remainder when a(1) is divided by 13?
11
Suppose -3*l - 2*l - 3270 = 0. Let p be 14/77 - l/33. Let z = p + -15. Calculate the remainder when 7 is divided by z.
2
Let c = 61 + -145. Let y = c + 144. What is the remainder when y is divided by (-5)/4 + 267/12?
18
Let a = 29 + -45. Let l = 37 + a. What is the remainder when ((-2)/3)/((100/585)/(-10)) is divided by l?
18
Let j be 120/4*2/6. Let t be (j/(-15))/((-6)/(-9)). What is the remainder when 21 is divided by 3 + -3 - t - -10?
10
Let q(z) = -z**3 + 5*z**2 - 3. Calculate the remainder when 22 is divided by q(2).
4
Let d = -53 - -129. Calculate the remainder when d is divided by 28.
20
Suppose h = -4*h - 30. Calculate the remainder when 107 is divided by (45/10)/((-1)/h).
26
Let s be 4 - (3 - 2 - 2). Suppose 3*l - 13 = -s*x, -36 = -5*l - 3*x + 7. Suppose -5 = -4*j + l. What is the remainder when 14 is divided by j?
2
Let j be -3*(940/3)/4. Let h = j - -143. Let v = h + 134. What is the remainder when v is divided by 15?
12
Let c = 9 + -6. Let u(t) = -2*t**2 + 5*t - 4. Let w be u(c). Let h(x) = -4*x - 4. Calculate the remainder when h(w) is divided by 5.
4
Let a = -179 - -252. Calculate the remainder when a is divided by 59.
14
Let g = 351 - 346. Let j = 70 + -46. What is the remainder when j is divided by g?
4
Suppose 4*b - 188 = -0*b. Let g = -72 + 84. Calculate the remainder when b is divided by g.
11
Suppose 124 = 3*i + 16. Suppose 0 = 1545*t - 1557*t + 1704. What is the remainder when t is divided by i?
34
Suppose 4*j - 21 = 7. Suppose 22*x = -63*x + 2720. Calculate the remainder when x is divided by j.
4
Let d be -1*(4 + 10 - 4). Calculate the remainder when d/4*102/(-5) is divided by 13.
12
Suppose -7*m - 3*u = -3*m - 2, -3*m - 7 = -2*u. Let o = 6 + -4. What is the remainder when m + (-1 - (-8)/2) is divided by o?
0
What is the remainder when 49 is divided by ((825/(-22))/5)/((-9)/12)?
9
Let c be ((-6)/15)/((-4)/(-40)). What is the remainder when 62 is divided by ((-6)/c)/((-9)/(-6))*16?
14
Calculate the remainder when (-2)/4*(-2 + 3 - 143) is divided by 9.
8
Let r(i) = -i**3 - 13*i**2 - 13*i + 10. Let a = 0 - 5. Calculate the remainder when r(-12) is divided by a/1*30/(-25).
4
Suppose -11*l + 8*l = 5*o - 27, -4*o = -3*l + 27. What is the remainder when 19 is divided by l?
1
Let w(z) = -z**3 - 4*z**2 - 6*z + 6. Let b(q) = -q**3 + q**2 - q + 1. Let f be b(2). Calculate the remainder when w(f) is divided by 21.
19
Let v = 841 - 824. What is the remainder when v is divided by 11?
6
Let w(c) = 7*c**2 + 3*c + 1. Let r be w(-5). Let b = 401 - r. Suppose -f + 23 = 2*j - 146, 3*j - b = 3*f. What is the remainder when j is divided by 17?
15
Let g = -1364 + 1511. What is the remainder when 595 is divided by g?
7
Let t(k) = 83*k - 322. Calculate the remainder when t(8) is divided by 69.
66
Suppose 295*q - 291*q = 152. Calculate the remainder when 63 is divided by q.
25
Let q be (0 - 1)*53*1. Suppose -96 = 3*j + j. Let c = j - q. What is the remainder when 115 is divided by c?
28
Suppose 4*w - 6 + 28 = a, -2*a - 3*w = 0. Suppose 11*m + 20 = a*m. What is the remainder when 52 is divided by (-195)/(-10) - (-6)/m?
16
Let o(f) = 6*f**3 + 4*f**2 - 18*f + 28. Calculate the remainder when o(4) is divided by 82.
76
Suppose 6300 = 9*k + 81*k. What is the remainder when 206 is divided by k?
66
Suppose -66*r + 64*r - 112 = 0. Let z = 163 + r. Calculate the remainder when z is divided by 36.
35
Let u be (-25)/(-10) - (2 + 3/(-2)). Suppose s - 69 = u*f, 0 = -2*s + 3*f - 2*f + 153. Calculate the remainder when s is divided by 9.
7
Let o(b) = 2*b + 15*b**3 + 1 - 3*b + 2*b + b**2. Let c be o(-1). What is the remainder when 8*7 + 13 + c is divided by 28?
27
Let h be ((-4)/(-6) - 1)*-15. Suppose 2*n - q = 18, 0 = -h*n - 5*q + 26 + 19. Suppose 39 = 12*z - n*z. Calculate the remainder when 38 is divided by z.
12
Let z = 431 + -243. What is the remainder when z is divided by 51?
35
Let j = 49 + -30. Let w(n) = 28*n - 16*n + 20 - 13*n. What is the remainder when j is divided by w(10)?
9
Let h(r) = r**2 - 2. Let z be h(-1). Calculate the remainder when 114 is divided by z/((-4)/118) + 2/(-4).
27
Calculate the remainder when -141*((-28)/21 + 1) is divided by 5.
2
Suppose 0 = -14*s - 5*s + 247. Let r be 2/(-7) - 158/(-14). Let o = 12 + r. What is the remainder when o is divided by s?
10
Let x(z) = 8*z - 5. What is the remainder when 37 is divided by x(1)?
1
Suppose -50 = -2*j - 36. Calculate the remainder when 54 is divided by j.
5
Suppose 3*f = f. Suppose f = -k + 5*k - 204. Calculate the remainder when k is divided by 16/1 - (1 + 2).
12
Let d(h) = 13*h**2 + 5*h - 15. Let n be d(3). Let p = n - 91. Calculate the remainder when p is divided by 7.
5
Let u be (-1 - -1) + (0 - -2). Suppose 4*f = u*g - 10, -f = -3*f. Let b(p) = p**2 + 3*p + 3. Calculate the remainder when b(-4) is divided by g.
2
Suppose 0 = -6*c + 7*c. Suppose 12 = 5*q - b, -5*b - 2 - 8 = c. What is the remainder when q is divided by 2?
0
Let u(q) = -q**2 + 24*q + 27. Let w(x) = 3*x**2 + 2*x - 2. Let f = 4 - 2. What is the remainder when u(24) is divided by w(f)?
13
Suppose 4*w + 2*l - 346 = 0, -3*l + 4 + 5 = 0. Suppose 5*g - 199 = 21. Calculate the remainder when w is divided by g.
41
Suppose 2*p = -0*p - 62. Let l = -38 - p. Calculate the remainder when 56 is divided by (-40)/28*2*l.
16
Let z(x) = -12*x - 208. Calculate the remainder when z(-22) is divided by 10.
6
Let n = 22 + 296. Let m(d) = 4*d**3 - d**2 + 3*d - 1. Calculate the remainder when (-62)/(-155) + n/5 is divided by m(2).
31
Suppose -4*c + 0*c = -28. Let t = -4 - -24. What is the remainder when t is divided by c?
6
Suppose 2*d + 2*g = 60, -6*d = -10*d + 2*g + 138. Suppose -6 = -2*r + 3*r. Let t(u) = u**2 + 5*u + 3. What is the remainder when d is divided by t(r)?
6
Suppose -16*z + 1292 = -1236. Calculate the remainder when z is divided by 81.
77
Calculate the remainder when (-7918)/(-34) + (-24)/(-204) is divided by 13.
12
Suppose 2*a = 36 + 20. Suppose -2*c + 2*l = 5*l - 37, -a = -3*c + l. Calculate the remainder when 42 is divided by c.
9
Let f(z) = 8*z - 214. Calculate the remainder when 699 is divided by f(30).
23
Let f = 5 - 0. Suppose -2*w - 60 = -f*w. What is the remainder when 47 is divided by 30*(3 - 52/w)?
11
Let b(d) = d**3 + 8*d**2 - 2*d - 6. Let v be b(-9). Let a be (-1)/(v/35 + 2). Calculate the remainder when 33 is divided by 5*1*(-126)/a.
15
Let d(z) = -3*z + 61. Calculate the remainder when d(-19) is divided by 30.
28
Let z = -8 + 17. Let d = -1 + z. Calculate the remainder when (-15)/3*(-38)/5 is divided by d.
6
Suppose 4*n - 66 = -18. Let d be 27/n - (-1)/(-4). Suppose d = -6*a + 8. What is the remainder when 2 is divided by a?
0
Suppose 5*y = -5, -28 = f + y - 5*y. Let t = f - -42. What is the remainder when 35 is divided by t?
5
Suppose -337 = -5*z + 3*t, -t - 118 = -2*z - 4*t. Suppose 5*m - 55 = z. Calculate the remainder when 708/10 + 4 + (-168)/35 is divided by m.
22
Suppose -2*i + 2 + 4 = 0. Let o(g) = 13 + 9 + 0*g - 9 + g. What is the remainder when i is divided by o(-11)?
1
Let m(r) = 2*r**2 + r - 7. Calculate the remainder when 21 is divided by m(-3).
5
Calculate the remainder when (-3125)/(-45) - (-4)/(-9) is divided by ((-16)/(-6) + 2)*3.
13
Let h be (-105)/33 + (3 - 93/33). Let q(l) = -9*l - 20. Calculate the remainder when 14 is divided by q(h).
0
Let f(n) = 20*n + 2. Let l be f(2). Suppose l = 2*t + t. Let o = -331 + 335. Calculate the remainder when t is divided by o.
2
Let